d 162?
54
What is the highest common divisor of 1368 and 12?
12
What is the greatest common factor of 3276 and 4284?
252
What is the highest common divisor of 299 and 78?
13
Calculate the greatest common divisor of 1140 and 405.
15
Calculate the highest common divisor of 45 and 3375.
45
What is the highest common factor of 144 and 592?
16
Calculate the greatest common factor of 18 and 954.
18
Calculate the greatest common divisor of 189 and 357.
21
Calculate the greatest common divisor of 148 and 2294.
74
What is the highest common divisor of 78 and 60?
6
What is the greatest common factor of 16064 and 251?
251
Calculate the greatest common factor of 180 and 20.
20
What is the greatest common divisor of 285 and 15?
15
Calculate the greatest common divisor of 10640 and 224.
112
Calculate the highest common factor of 540 and 70.
10
What is the highest common divisor of 17 and 833?
17
What is the greatest common divisor of 36 and 9?
9
Calculate the highest common factor of 22950 and 810.
270
Calculate the greatest common factor of 2074 and 488.
122
What is the greatest common factor of 123 and 6?
3
Calculate the highest common factor of 361 and 95.
19
What is the highest common factor of 675 and 1566?
27
Calculate the highest common factor of 87 and 3.
3
What is the greatest common factor of 49 and 637?
49
Calculate the highest common divisor of 3841 and 207.
23
What is the highest common factor of 564 and 18?
6
Calculate the highest common factor of 150 and 13350.
150
Calculate the greatest common divisor of 1569 and 6.
3
What is the highest common divisor of 348 and 60?
12
What is the greatest common divisor of 11792 and 264?
88
Calculate the highest common divisor of 2 and 5.
1
Calculate the greatest common divisor of 21 and 238.
7
Calculate the highest common divisor of 320 and 40.
40
What is the highest common divisor of 798 and 24?
6
Calculate the highest common divisor of 64 and 480.
32
Calculate the highest common factor of 512 and 6976.
64
What is the greatest common factor of 63 and 448?
7
Calculate the greatest common factor of 51 and 3009.
51
What is the greatest common factor of 57 and 57?
57
What is the greatest common factor of 36 and 44?
4
Calculate the greatest common divisor of 3213 and 378.
189
What is the highest common divisor of 18 and 16?
2
Calculate the greatest common divisor of 140 and 476.
28
Calculate the highest common factor of 5166 and 1512.
126
What is the highest common divisor of 1591 and 43?
43
What is the greatest common divisor of 5750 and 690?
230
Calculate the highest common factor of 240 and 72.
24
What is the highest common divisor of 252 and 336?
84
Calculate the highest common factor of 184 and 1256.
8
Calculate the greatest common factor of 32 and 168.
8
What is the greatest common divisor of 7 and 4025?
7
What is the highest common divisor of 147 and 102?
3
What is the greatest common factor of 85 and 45?
5
Calculate the highest common factor of 9 and 279.
9
What is the highest common factor of 36312 and 816?
408
Calculate the highest common divisor of 550 and 88.
22
Calculate the greatest common factor of 1088 and 51.
17
What is the greatest common factor of 22 and 6446?
22
What is the greatest common divisor of 837 and 87?
3
What is the highest common factor of 1104 and 96?
48
Calculate the greatest common factor of 81 and 21.
3
What is the highest common divisor of 360 and 600?
120
Calculate the highest common factor of 9 and 21.
3
What is the highest common factor of 11946 and 132?
66
Calculate the highest common factor of 533 and 260.
13
Calculate the highest common factor of 207 and 69.
69
What is the greatest common factor of 77 and 7?
7
What is the greatest common factor of 3 and 1941?
3
Calculate the greatest common divisor of 15929 and 17.
17
Calculate the highest common divisor of 1440 and 30.
30
What is the greatest common factor of 403 and 13?
13
What is the highest common factor of 97 and 1067?
97
What is the highest common divisor of 3009 and 59?
59
What is the greatest common factor of 56 and 80?
8
Calculate the highest common divisor of 497 and 28.
7
What is the highest common divisor of 29 and 3103?
29
What is the greatest common divisor of 77 and 693?
77
What is the highest common divisor of 6193 and 11?
11
What is the greatest common factor of 315 and 252?
63
What is the highest common divisor of 36 and 2718?
18
Calculate the greatest common factor of 3504 and 219.
219
What is the greatest common factor of 893 and 376?
47
What is the highest common divisor of 74 and 2923?
37
What is the highest common factor of 1960 and 1512?
56
Calculate the highest common factor of 77 and 451.
11
What is the highest common factor of 2275 and 1025?
25
What is the greatest common factor of 32 and 256?
32
Calculate the greatest common factor of 13 and 299.
13
What is the highest common divisor of 7657 and 3224?
403
Calculate the greatest common factor of 80 and 130.
10
What is the greatest common divisor of 4005 and 450?
45
What is the highest common factor of 5665 and 165?
55
What is the greatest common factor of 784 and 1792?
112
What is the highest common factor of 6 and 1086?
6
What is the highest common factor of 3645 and 90?
45
Calculate the greatest common factor of 29 and 377.
29
Calculate the highest common divisor of 752 and 8.
8
What is the highest common factor of 4692 and 736?
92
What is the highest common divisor of 20 and 65?
5
Calculate the greatest common factor of 192 and 96.
96
What is the greatest common factor of 76 and 65702?
38
What is the highest common factor of 646 and 1064?
38
Calculate the highest common divisor of 15 and 447.
3
What is the highest common factor of 221 and 767?
13
What is the highest common divisor of 99 and 22?
11
What is the greatest common factor of 18 and 198?
18
What is the highest common divisor of 70 and 120?
10
What is the highest common factor of 67 and 6901?
67
Calculate the greatest common factor of 736 and 24.
8
What is the greatest common divisor of 264 and 1496?
88
Calculate the highest common factor of 299 and 92.
23
What is the greatest common divisor of 664 and 2407?
83
What is the greatest common divisor of 1356 and 12?
12
Calculate the highest common divisor of 5392 and 32.
16
Calculate the highest common divisor of 156 and 624.
156
Calculate the highest common factor of 528 and 13376.
176
What is the highest common divisor of 1475 and 500?
25
What is the highest common divisor of 385 and 10318?
77
Calculate the greatest common factor of 195 and 845.
65
Calculate the greatest common divisor of 51 and 119.
17
Calculate the greatest common factor of 490 and 20.
10
Calculate the greatest common divisor of 41 and 16769.
41
What is the highest common divisor of 26 and 299?
13
What is the greatest common factor of 150 and 1060?
10
What is the greatest common divisor of 8 and 1432?
8
Calculate the greatest common factor of 8 and 4044.
4
What is the highest common factor of 88 and 16?
8
What is the greatest common factor of 11 and 77?
11
What is the greatest common divisor of 1462 and 602?
86
Calculate the greatest common divisor of 148 and 222.
74
Calculate the greatest common divisor of 8688 and 72.
24
What is the greatest common divisor of 285 and 2445?
15
Calculate the greatest common factor of 36 and 276.
12
Calculate the highest common factor of 2 and 148.
2
What is the highest common divisor of 357 and 459?
51
Calculate the greatest common factor of 946 and 22.
22
What is the highest common divisor of 130 and 2405?
65
What is the greatest common divisor of 184 and 23?
23
What is the greatest common factor of 940 and 25?
5
What is the highest common factor of 472 and 177?
59
Calculate the greatest common divisor of 4407 and 195.
39
What is the greatest common divisor of 34 and 459?
17
Calculate the greatest common factor of 319 and 11.
11
Calculate the highest common factor of 22759 and 11.
11
Calculate the greatest common factor of 1 and 2371.
1
Calculate the highest common factor of 104 and 1846.
26
Calculate the greatest common factor of 3025 and 975.
25
Calculate the highest common factor of 30 and 2970.
30
What is the greatest common divisor of 12 and 1728?
12
Calculate the greatest common factor of 13746 and 522.
174
What is the